{"id":2384,"date":"2021-07-01T13:17:47","date_gmt":"2021-07-01T11:17:47","guid":{"rendered":"https:\/\/tierheim-nied.de\/tierheimneu\/?page_id=2384"},"modified":"2022-06-21T21:01:31","modified_gmt":"2022-06-21T19:01:31","slug":"cooper-und-calvin","status":"publish","type":"page","link":"https:\/\/tierheim-nied.de\/index.php\/unsere-tiere\/notfaelle\/cooper-und-calvin\/","title":{"rendered":"Cooper und Calvin"},"content":{"rendered":"\n<div class=\"wp-block-media-text alignwide is-stacked-on-mobile\" style=\"grid-template-columns:36% auto\"><figure class=\"wp-block-media-text__media\"><a href=\"https:\/\/tierheim-nied.de\/wp-content\/uploads\/2021\/04\/Cooper_Calvin_2021.jpg\" rel=\"lightbox-0\"><img loading=\"lazy\" decoding=\"async\" width=\"800\" height=\"600\" src=\"https:\/\/tierheim-nied.de\/wp-content\/uploads\/2021\/04\/Cooper_Calvin_2021.jpg\" alt=\"\" class=\"wp-image-1058 size-full\"\/><\/a><\/figure><div class=\"wp-block-media-text__content\">\n<p>Calvin und Cooper sind 8 Monate alt. Leider sind sie Leukose positiv getestet worden, was die Suche nach einem Zuhause erschwert. Sie befinden sich derzeit noch bei befreundeten Tiersch\u00fctzern in Spanien und m\u00f6chten gerne ausreisen, denn in Spanien haben die beiden nur sehr schwere Chancen auf ein gl\u00fcckliches Ende. Aufgrund der Leukose k\u00f6nnen die Zwei nicht mit anderen Katzen zusammen gehalten werden. Sie werden prinzipiell in die reine Wohnungshaltung vermittelt. <\/p>\n<\/div><\/div>\n\n\n\n<div class=\"wpcf7 no-js\" id=\"wpcf7-f2045-o1\" lang=\"de-DE\" dir=\"ltr\" data-wpcf7-id=\"2045\">\n<div class=\"screen-reader-response\"><p role=\"status\" aria-live=\"polite\" aria-atomic=\"true\"><\/p> <ul><\/ul><\/div>\n<form action=\"\/index.php\/wp-json\/wp\/v2\/pages\/2384#wpcf7-f2045-o1\" method=\"post\" class=\"wpcf7-form init wpcf7-acceptance-as-validation\" aria-label=\"Kontaktformular\" novalidate=\"novalidate\" data-status=\"init\">\n<fieldset class=\"hidden-fields-container\"><input type=\"hidden\" name=\"_wpcf7\" value=\"2045\" \/><input type=\"hidden\" name=\"_wpcf7_version\" value=\"6.1.5\" \/><input type=\"hidden\" name=\"_wpcf7_locale\" value=\"de_DE\" \/><input type=\"hidden\" name=\"_wpcf7_unit_tag\" value=\"wpcf7-f2045-o1\" \/><input type=\"hidden\" name=\"_wpcf7_container_post\" value=\"0\" \/><input type=\"hidden\" name=\"_wpcf7_posted_data_hash\" value=\"\" \/>\n<\/fieldset>\n<p><b>Anfrage<\/b>\n<\/p>\n<p>Wir bitten Sie, Anfragen betreffend der zu vermittelnden Tiere ausschlie\u00dflich \u00fcber das folgende Kontaktformular zu stellen oder \u00fcber vermittlung@tierheim-nied.de.<br \/>\nBei Anfragen \u00fcber die E-Mail-Adresse w\u00e4re es hilfreich wenn Sie die Fragen weiter unten ebenfalls beantworten k\u00f6nnten.\n<\/p>\n<p>Alle mit einem Stern gekennzeichneten Felder sind Pflichtfelder und helfen uns ungemein, R\u00fcckfragen bei Ihnen zu vermeiden.\n<\/p>\n<p><label> Anrede\n\t\t<font color=red>*\n\t\t<\/font><br \/>\n<span class=\"wpcf7-form-control-wrap\" data-name=\"your-anrede\"><select class=\"wpcf7-form-control wpcf7-select wpcf7-validates-as-required\" id=\"anrede\" aria-required=\"true\" aria-invalid=\"false\" name=\"your-anrede\"><option value=\"Frau\">Frau<\/option><option value=\"Herr\">Herr<\/option><option value=\"Divers\">Divers<\/option><\/select><\/span> <\/label>\n<\/p>\n<p><label> Vor- und Zuname\n\t\t<font color=red>*\n\t\t<\/font><br \/>\n<span class=\"wpcf7-form-control-wrap\" data-name=\"your-name\"><input size=\"40\" maxlength=\"400\" class=\"wpcf7-form-control wpcf7-text wpcf7-validates-as-required\" id=\"vor_und_zuname\" aria-required=\"true\" aria-invalid=\"false\" value=\"\" type=\"text\" name=\"your-name\" \/><\/span> <\/label>\n<\/p>\n<p><label> E-Mail-Adresse\n\t\t<font color=red>*\n\t\t<\/font><br \/>\n<span class=\"wpcf7-form-control-wrap\" data-name=\"your-email\"><input size=\"40\" maxlength=\"400\" class=\"wpcf7-form-control wpcf7-email wpcf7-validates-as-required wpcf7-text wpcf7-validates-as-email\" id=\"adresse\" aria-required=\"true\" aria-invalid=\"false\" value=\"\" type=\"email\" name=\"your-email\" \/><\/span> <\/label>\n<\/p>\n<p><label> Adresse\/Ort\n\t\t<font color=red>*\n\t\t<\/font><br \/>\n<span class=\"wpcf7-form-control-wrap\" data-name=\"your-adresse\"><input size=\"40\" maxlength=\"400\" class=\"wpcf7-form-control wpcf7-text wpcf7-validates-as-required\" id=\"adresse_real\" aria-required=\"true\" aria-invalid=\"false\" value=\"\" type=\"text\" name=\"your-adresse\" \/><\/span> <\/label>\n<\/p>\n<p><label> Telefonnummer\n\t\t<font color=red>*\n\t\t<\/font><br \/>\n<span class=\"wpcf7-form-control-wrap\" data-name=\"your-tel\"><input size=\"40\" maxlength=\"400\" class=\"wpcf7-form-control wpcf7-tel wpcf7-validates-as-required wpcf7-text wpcf7-validates-as-tel\" id=\"telefon\" aria-required=\"true\" aria-invalid=\"false\" value=\"\" type=\"tel\" name=\"your-tel\" \/><\/span> <\/label>\n<\/p>\n<p><label> Wie viele Personen leben in Ihrem Haushalt und in welcher Altersklasse ?\n\t\t<font color=red>*\n\t\t<\/font><br \/>\n<span class=\"wpcf7-form-control-wrap\" data-name=\"your-haushalt\"><input size=\"40\" maxlength=\"400\" class=\"wpcf7-form-control wpcf7-text wpcf7-validates-as-required\" id=\"personen\" aria-required=\"true\" aria-invalid=\"false\" value=\"\" type=\"text\" name=\"your-haushalt\" \/><\/span> <\/label>\n<\/p>\n<p><label> Leben schon Haustiere in Ihrem Haushalt und wie viele ?<br \/>\n<span class=\"wpcf7-form-control-wrap\" data-name=\"your-tiere\"><input size=\"40\" maxlength=\"400\" class=\"wpcf7-form-control wpcf7-text\" id=\"tiere_haushalt\" aria-invalid=\"false\" value=\"\" type=\"text\" name=\"your-tiere\" \/><\/span> <\/label>\n<\/p>\n<p><label> Wie viel Erfahrung haben Sie mit Tieren ?<br \/>\n<span class=\"wpcf7-form-control-wrap\" data-name=\"your-erfahrung\"><input size=\"40\" maxlength=\"400\" class=\"wpcf7-form-control wpcf7-text\" id=\"erfahrung\" aria-invalid=\"false\" value=\"\" type=\"text\" name=\"your-erfahrung\" \/><\/span> <\/label>\n<\/p>\n<p><label> Wie viele Stunden am Tag ist das Tier alleine im Haushalt ?\n\t\t<font color=red>*\n\t\t<\/font><br \/>\n<span class=\"wpcf7-form-control-wrap\" data-name=\"your-stunden\"><select class=\"wpcf7-form-control wpcf7-select wpcf7-validates-as-required\" id=\"stunden_am_tag\" aria-required=\"true\" aria-invalid=\"false\" name=\"your-stunden\"><option value=\"0\">0<\/option><option value=\"01\">01<\/option><option value=\"02\">02<\/option><option value=\"03\">03<\/option><option value=\"04\">04<\/option><option value=\"05\">05<\/option><option value=\"06\">06<\/option><option value=\"07\">07<\/option><option value=\"08\">08<\/option><option value=\"09\">09<\/option><option value=\"10\">10<\/option><option value=\"11\">11<\/option><option value=\"12\">12<\/option><\/select><\/span> <\/label>\n<\/p>\n<p><label> An wie vielen Tagen in der Woche ist das Tier alleine ?\n\t\t<font color=red>*\n\t\t<\/font><br \/>\n<span class=\"wpcf7-form-control-wrap\" data-name=\"your-woche\"><select class=\"wpcf7-form-control wpcf7-select wpcf7-validates-as-required\" id=\"alleine_woche\" aria-required=\"true\" aria-invalid=\"false\" name=\"your-woche\"><option value=\"0\">0<\/option><option value=\"01\">01<\/option><option value=\"02\">02<\/option><option value=\"03\">03<\/option><option value=\"04\">04<\/option><option value=\"05\">05<\/option><option value=\"06\">06<\/option><option value=\"07\">07<\/option><\/select><\/span> <\/label>\n<\/p>\n<p><label> Art der gew\u00fcnschten Haltung ?\n\t\t<font color=red>*\n\t\t<\/font><br \/>\n<span class=\"wpcf7-form-control-wrap\" data-name=\"radio-verkehr1\"><span class=\"wpcf7-form-control wpcf7-radio\" id=\"verkehr1\"><span class=\"wpcf7-list-item first\"><label><input type=\"radio\" name=\"radio-verkehr1\" value=\"Wohnungshaltung ohne Freigang\" \/><span class=\"wpcf7-list-item-label\">Wohnungshaltung ohne Freigang<\/span><\/label><\/span><span class=\"wpcf7-list-item last\"><label><input type=\"radio\" name=\"radio-verkehr1\" value=\"Freigang\" \/><span class=\"wpcf7-list-item-label\">Freigang<\/span><\/label><\/span><\/span><\/span><br \/>\n<\/label>\n<\/p>\n<p><label> Beschreiben Sie zu guter Letzt Ihr Zuhause und gibt es einen Garten oder Balkon ?\n\t\t<font color=red>*\n\t\t<\/font><br \/>\n<span class=\"wpcf7-form-control-wrap\" data-name=\"your-zuhause\"><textarea cols=\"40\" rows=\"10\" maxlength=\"2000\" class=\"wpcf7-form-control wpcf7-textarea wpcf7-validates-as-required\" id=\"zuhause\" aria-required=\"true\" aria-invalid=\"false\" name=\"your-zuhause\"><\/textarea><\/span> <\/label>\n<\/p>\n<p><label> Ihre Nachricht\n\t\t<font color=red>\n\t\t<\/font><br \/>\n<span class=\"wpcf7-form-control-wrap\" data-name=\"your-message\"><textarea cols=\"40\" rows=\"10\" maxlength=\"2000\" class=\"wpcf7-form-control wpcf7-textarea\" id=\"nachricht\" aria-invalid=\"false\" name=\"your-message\"><\/textarea><\/span> <\/label>\n<\/p>\n<div class=\"wpcf7-response-output\" aria-hidden=\"true\"><\/div>\n<p><span id=\"wpcf7-69f2a95c76409-wrapper\" class=\"wpcf7-form-control-wrap honeypot-681-wrap\" style=\"display:none !important; visibility:hidden !important;\"><label for=\"wpcf7-69f2a95c76409-field\" class=\"hp-message\">Bitte lasse dieses Feld leer.<\/label><input id=\"wpcf7-69f2a95c76409-field\"  class=\"wpcf7-form-control wpcf7-text\" type=\"text\" name=\"honeypot-681\" value=\"\" size=\"40\" tabindex=\"-1\" autocomplete=\"new-password\" \/><\/span><br \/>\n<span id=\"wpcf7-69f2a95c76474-wrapper\" class=\"wpcf7-form-control-wrap honeypot-681-wrap\" style=\"display:none !important; visibility:hidden !important;\"><label for=\"wpcf7-69f2a95c76474-field\" class=\"hp-message\">Bitte lasse dieses Feld leer.<\/label><input id=\"wpcf7-69f2a95c76474-field\"  class=\"wpcf7-form-control wpcf7-text\" type=\"text\" name=\"honeypot-681\" value=\"\" size=\"40\" tabindex=\"-1\" autocomplete=\"new-password\" \/><\/span>\n<\/p>\n<p><span class=\"wpcf7-form-control-wrap\" data-name=\"your-consent\"><span class=\"wpcf7-form-control wpcf7-acceptance\"><span class=\"wpcf7-list-item\"><label><input type=\"checkbox\" name=\"your-consent\" value=\"1\" aria-invalid=\"false\" \/><span class=\"wpcf7-list-item-label\">Ich habe die <u><b><a href=\"https:\/\/tierheim-nied.de\/index.php\/datenschutzerklaerung\/\" target=\"_blank\">Datenschutzerkl\u00e4rung<\/a><\/b><\/u> zur Kenntnis genommen und akzeptiert. Ich stimme zu, dass meine Formularangaben zur Kontaktaufnahme bzw. zur Bearbeitung meines Anliegens gespeichert werden.<\/span><\/label><\/span><\/span><\/span>\n<\/p>\n<p><label><b>Wichtig, es kann vorkommen das unsere Antworten bei Ihnen im Spam-Ordner landen.<br \/>\nBitte pr\u00fcfen Sie den Spam-Ordner falls Sie von uns noch keine Antwort erhalten haben.<br \/>\nHin und wieder dauert eine Antwort von uns einfach etwas, da oft sehr viel zu tun ist.<\/b><\/label>\n<\/p>\n<p><input class=\"wpcf7-form-control wpcf7-submit has-spinner\" id=\"submit\" type=\"submit\" value=\"Senden\" \/>\n<\/p><p style=\"display: none !important;\" class=\"akismet-fields-container\" data-prefix=\"_wpcf7_ak_\"><label>&#916;<textarea name=\"_wpcf7_ak_hp_textarea\" cols=\"45\" rows=\"8\" maxlength=\"100\"><\/textarea><\/label><input type=\"hidden\" id=\"ak_js_1\" name=\"_wpcf7_ak_js\" value=\"230\"\/><script>document.getElementById( \"ak_js_1\" ).setAttribute( \"value\", ( new Date() ).getTime() );<\/script><\/p>\n<\/form>\n<\/div>\n\n\n\n\n<div class=\"wp-block-image\"><figure class=\"aligncenter size-large\"><img loading=\"lazy\" decoding=\"async\" width=\"438\" height=\"55\" src=\"https:\/\/tierheim-nied.de\/wp-content\/uploads\/2021\/04\/tappser.gif\" alt=\"\" class=\"wp-image-855\"\/><\/figure><\/div>\n","protected":false},"excerpt":{"rendered":"<p>Calvin und Cooper sind 8 Monate alt. Leider sind sie Leukose positiv getestet worden, was die Suche nach einem Zuhause erschwert. Sie befinden sich derzeit&hellip;<\/p>\n","protected":false},"author":4,"featured_media":0,"parent":894,"menu_order":0,"comment_status":"closed","ping_status":"closed","template":"","meta":{"cybocfi_hide_featured_image":"","footnotes":""},"class_list":["post-2384","page","type-page","status-publish","hentry"],"_links":{"self":[{"href":"https:\/\/tierheim-nied.de\/index.php\/wp-json\/wp\/v2\/pages\/2384","targetHints":{"allow":["GET"]}}],"collection":[{"href":"https:\/\/tierheim-nied.de\/index.php\/wp-json\/wp\/v2\/pages"}],"about":[{"href":"https:\/\/tierheim-nied.de\/index.php\/wp-json\/wp\/v2\/types\/page"}],"author":[{"embeddable":true,"href":"https:\/\/tierheim-nied.de\/index.php\/wp-json\/wp\/v2\/users\/4"}],"replies":[{"embeddable":true,"href":"https:\/\/tierheim-nied.de\/index.php\/wp-json\/wp\/v2\/comments?post=2384"}],"version-history":[{"count":6,"href":"https:\/\/tierheim-nied.de\/index.php\/wp-json\/wp\/v2\/pages\/2384\/revisions"}],"predecessor-version":[{"id":3535,"href":"https:\/\/tierheim-nied.de\/index.php\/wp-json\/wp\/v2\/pages\/2384\/revisions\/3535"}],"up":[{"embeddable":true,"href":"https:\/\/tierheim-nied.de\/index.php\/wp-json\/wp\/v2\/pages\/894"}],"wp:attachment":[{"href":"https:\/\/tierheim-nied.de\/index.php\/wp-json\/wp\/v2\/media?parent=2384"}],"curies":[{"name":"wp","href":"https:\/\/api.w.org\/{rel}","templated":true}]}}

<div class="wp-block-media-text alignwide is-stacked-on-mobile" style="grid-template-columns:36% auto"><figure class="wp-block-media-text__media"><a href="https://tierheim-nied.de/wp-content/uploads/2021/04/Cooper_Calvin_2021.jpg" rel="lightbox-0"><img loading="lazy" decoding="async" width="800" height="600" src="https://tierheim-nied.de/wp-content/uploads/2021/04/Cooper_Calvin_2021.jpg" alt="" class="wp-image-1058 size-full"/></a></figure><div class="wp-block-media-text__content">
<p>Calvin und Cooper sind 8 Monate alt. Leider sind sie Leukose positiv getestet worden, was die Suche nach einem Zuhause erschwert. Sie befinden sich derzeit noch bei befreundeten Tierschützern in Spanien und möchten gerne ausreisen, denn in Spanien haben die beiden nur sehr schwere Chancen auf ein glückliches Ende. Aufgrund der Leukose können die Zwei nicht mit anderen Katzen zusammen gehalten werden. Sie werden prinzipiell in die reine Wohnungshaltung vermittelt. </p>
</div></div>



<div class="wpcf7 no-js" id="wpcf7-f2045-o1" lang="de-DE" dir="ltr" data-wpcf7-id="2045">
<div class="screen-reader-response"><p role="status" aria-live="polite" aria-atomic="true"></p> <ul></ul></div>
<form action="/index.php/wp-json/wp/v2/pages/2384#wpcf7-f2045-o1" method="post" class="wpcf7-form init wpcf7-acceptance-as-validation" aria-label="Kontaktformular" novalidate="novalidate" data-status="init">
<fieldset class="hidden-fields-container"><input type="hidden" name="_wpcf7" value="2045" /><input type="hidden" name="_wpcf7_version" value="6.1.5" /><input type="hidden" name="_wpcf7_locale" value="de_DE" /><input type="hidden" name="_wpcf7_unit_tag" value="wpcf7-f2045-o1" /><input type="hidden" name="_wpcf7_container_post" value="0" /><input type="hidden" name="_wpcf7_posted_data_hash" value="" />
</fieldset>
<p><b>Anfrage</b>
</p>
<p>Wir bitten Sie, Anfragen betreffend der zu vermittelnden Tiere ausschließlich über das folgende Kontaktformular zu stellen oder über vermittlung@tierheim-nied.de.<br />
Bei Anfragen über die E-Mail-Adresse wäre es hilfreich wenn Sie die Fragen weiter unten ebenfalls beantworten könnten.
</p>
<p>Alle mit einem Stern gekennzeichneten Felder sind Pflichtfelder und helfen uns ungemein, Rückfragen bei Ihnen zu vermeiden.
</p>
<p><label> Anrede
		<font color=red>*
		</font><br />
<span class="wpcf7-form-control-wrap" data-name="your-anrede"><select class="wpcf7-form-control wpcf7-select wpcf7-validates-as-required" id="anrede" aria-required="true" aria-invalid="false" name="your-anrede"><option value="Frau">Frau</option><option value="Herr">Herr</option><option value="Divers">Divers</option></select></span> </label>
</p>
<p><label> Vor- und Zuname
		<font color=red>*
		</font><br />
<span class="wpcf7-form-control-wrap" data-name="your-name"><input size="40" maxlength="400" class="wpcf7-form-control wpcf7-text wpcf7-validates-as-required" id="vor_und_zuname" aria-required="true" aria-invalid="false" value="" type="text" name="your-name" /></span> </label>
</p>
<p><label> E-Mail-Adresse
		<font color=red>*
		</font><br />
<span class="wpcf7-form-control-wrap" data-name="your-email"><input size="40" maxlength="400" class="wpcf7-form-control wpcf7-email wpcf7-validates-as-required wpcf7-text wpcf7-validates-as-email" id="adresse" aria-required="true" aria-invalid="false" value="" type="email" name="your-email" /></span> </label>
</p>
<p><label> Adresse/Ort
		<font color=red>*
		</font><br />
<span class="wpcf7-form-control-wrap" data-name="your-adresse"><input size="40" maxlength="400" class="wpcf7-form-control wpcf7-text wpcf7-validates-as-required" id="adresse_real" aria-required="true" aria-invalid="false" value="" type="text" name="your-adresse" /></span> </label>
</p>
<p><label> Telefonnummer
		<font color=red>*
		</font><br />
<span class="wpcf7-form-control-wrap" data-name="your-tel"><input size="40" maxlength="400" class="wpcf7-form-control wpcf7-tel wpcf7-validates-as-required wpcf7-text wpcf7-validates-as-tel" id="telefon" aria-required="true" aria-invalid="false" value="" type="tel" name="your-tel" /></span> </label>
</p>
<p><label> Wie viele Personen leben in Ihrem Haushalt und in welcher Altersklasse ?
		<font color=red>*
		</font><br />
<span class="wpcf7-form-control-wrap" data-name="your-haushalt"><input size="40" maxlength="400" class="wpcf7-form-control wpcf7-text wpcf7-validates-as-required" id="personen" aria-required="true" aria-invalid="false" value="" type="text" name="your-haushalt" /></span> </label>
</p>
<p><label> Leben schon Haustiere in Ihrem Haushalt und wie viele ?<br />
<span class="wpcf7-form-control-wrap" data-name="your-tiere"><input size="40" maxlength="400" class="wpcf7-form-control wpcf7-text" id="tiere_haushalt" aria-invalid="false" value="" type="text" name="your-tiere" /></span> </label>
</p>
<p><label> Wie viel Erfahrung haben Sie mit Tieren ?<br />
<span class="wpcf7-form-control-wrap" data-name="your-erfahrung"><input size="40" maxlength="400" class="wpcf7-form-control wpcf7-text" id="erfahrung" aria-invalid="false" value="" type="text" name="your-erfahrung" /></span> </label>
</p>
<p><label> Wie viele Stunden am Tag ist das Tier alleine im Haushalt ?
		<font color=red>*
		</font><br />
<span class="wpcf7-form-control-wrap" data-name="your-stunden"><select class="wpcf7-form-control wpcf7-select wpcf7-validates-as-required" id="stunden_am_tag" aria-required="true" aria-invalid="false" name="your-stunden"><option value="0">0</option><option value="01">01</option><option value="02">02</option><option value="03">03</option><option value="04">04</option><option value="05">05</option><option value="06">06</option><option value="07">07</option><option value="08">08</option><option value="09">09</option><option value="10">10</option><option value="11">11</option><option value="12">12</option></select></span> </label>
</p>
<p><label> An wie vielen Tagen in der Woche ist das Tier alleine ?
		<font color=red>*
		</font><br />
<span class="wpcf7-form-control-wrap" data-name="your-woche"><select class="wpcf7-form-control wpcf7-select wpcf7-validates-as-required" id="alleine_woche" aria-required="true" aria-invalid="false" name="your-woche"><option value="0">0</option><option value="01">01</option><option value="02">02</option><option value="03">03</option><option value="04">04</option><option value="05">05</option><option value="06">06</option><option value="07">07</option></select></span> </label>
</p>
<p><label> Art der gewünschten Haltung ?
		<font color=red>*
		</font><br />
<span class="wpcf7-form-control-wrap" data-name="radio-verkehr1"><span class="wpcf7-form-control wpcf7-radio" id="verkehr1"><span class="wpcf7-list-item first"><label><input type="radio" name="radio-verkehr1" value="Wohnungshaltung ohne Freigang" /><span class="wpcf7-list-item-label">Wohnungshaltung ohne Freigang</span></label></span><span class="wpcf7-list-item last"><label><input type="radio" name="radio-verkehr1" value="Freigang" /><span class="wpcf7-list-item-label">Freigang</span></label></span></span></span><br />
</label>
</p>
<p><label> Beschreiben Sie zu guter Letzt Ihr Zuhause und gibt es einen Garten oder Balkon ?
		<font color=red>*
		</font><br />
<span class="wpcf7-form-control-wrap" data-name="your-zuhause"><textarea cols="40" rows="10" maxlength="2000" class="wpcf7-form-control wpcf7-textarea wpcf7-validates-as-required" id="zuhause" aria-required="true" aria-invalid="false" name="your-zuhause"></textarea></span> </label>
</p>
<p><label> Ihre Nachricht
		<font color=red>
		</font><br />
<span class="wpcf7-form-control-wrap" data-name="your-message"><textarea cols="40" rows="10" maxlength="2000" class="wpcf7-form-control wpcf7-textarea" id="nachricht" aria-invalid="false" name="your-message"></textarea></span> </label>
</p>
<div class="wpcf7-response-output" aria-hidden="true"></div>
<p><span id="wpcf7-69f2a95c76409-wrapper" class="wpcf7-form-control-wrap honeypot-681-wrap" style="display:none !important; visibility:hidden !important;"><label for="wpcf7-69f2a95c76409-field" class="hp-message">Bitte lasse dieses Feld leer.</label><input id="wpcf7-69f2a95c76409-field"  class="wpcf7-form-control wpcf7-text" type="text" name="honeypot-681" value="" size="40" tabindex="-1" autocomplete="new-password" /></span><br />
<span id="wpcf7-69f2a95c76474-wrapper" class="wpcf7-form-control-wrap honeypot-681-wrap" style="display:none !important; visibility:hidden !important;"><label for="wpcf7-69f2a95c76474-field" class="hp-message">Bitte lasse dieses Feld leer.</label><input id="wpcf7-69f2a95c76474-field"  class="wpcf7-form-control wpcf7-text" type="text" name="honeypot-681" value="" size="40" tabindex="-1" autocomplete="new-password" /></span>
</p>
<p><span class="wpcf7-form-control-wrap" data-name="your-consent"><span class="wpcf7-form-control wpcf7-acceptance"><span class="wpcf7-list-item"><label><input type="checkbox" name="your-consent" value="1" aria-invalid="false" /><span class="wpcf7-list-item-label">Ich habe die <u><b><a href="https://tierheim-nied.de/index.php/datenschutzerklaerung/" target="_blank">Datenschutzerklärung</a></b></u> zur Kenntnis genommen und akzeptiert. Ich stimme zu, dass meine Formularangaben zur Kontaktaufnahme bzw. zur Bearbeitung meines Anliegens gespeichert werden.</span></label></span></span></span>
</p>
<p><label><b>Wichtig, es kann vorkommen das unsere Antworten bei Ihnen im Spam-Ordner landen.<br />
Bitte prüfen Sie den Spam-Ordner falls Sie von uns noch keine Antwort erhalten haben.<br />
Hin und wieder dauert eine Antwort von uns einfach etwas, da oft sehr viel zu tun ist.</b></label>
</p>
<p><input class="wpcf7-form-control wpcf7-submit has-spinner" id="submit" type="submit" value="Senden" />
</p><p style="display: none !important;" class="akismet-fields-container" data-prefix="_wpcf7_ak_"><label>&#916;<textarea name="_wpcf7_ak_hp_textarea" cols="45" rows="8" maxlength="100"></textarea></label><input type="hidden" id="ak_js_1" name="_wpcf7_ak_js" value="230"/><script>document.getElementById( "ak_js_1" ).setAttribute( "value", ( new Date() ).getTime() );</script></p>
</form>
</div>




<div class="wp-block-image"><figure class="aligncenter size-large"><img loading="lazy" decoding="async" width="438" height="55" src="https://tierheim-nied.de/wp-content/uploads/2021/04/tappser.gif" alt="" class="wp-image-855"/></figure></div>
