{"id":11672,"date":"2025-09-11T22:52:20","date_gmt":"2025-09-11T20:52:20","guid":{"rendered":"https:\/\/tierheim-nied.de\/?page_id=11672"},"modified":"2025-09-11T22:55:22","modified_gmt":"2025-09-11T20:55:22","slug":"11672-2","status":"publish","type":"page","link":"https:\/\/tierheim-nied.de\/index.php\/11672-2\/","title":{"rendered":"Geldspenden"},"content":{"rendered":"\n<p>Hier k\u00f6nnt ihr uns eine Geldspende zukommen lassen. Entweder w\u00e4hlt ihr einen der vorgegebenen Betr\u00e4ge, oder ihr tippt einen Beitrag eurer Wahl ein. Vielen Dank!<\/p>\n\n\n\n<script type=\"text\/javascript\" src=\"https:\/\/secure.fundraisingbox.com\/app\/paymentJS?hash=ttn7dr3le9gpflwt\"><\/script><noscript>Bitte Javascript aktivieren<\/noscript><a target=\"_blank\" href=\"https:\/\/www.fundraisingbox.com\/?utm_source=donation_form\"><img decoding=\"async\" border=\"0\" style=\"border: 0 !important\" src=\"https:\/\/secure.fundraisingbox.com\/images\/FundraisingBox-Logo-Widget.png\" alt=\"FundraisingBox Logo\" \/><\/a>\n\n\n\n<p class=\"has-text-align-left\"><\/p>\n","protected":false},"excerpt":{"rendered":"<p>Hier k\u00f6nnt ihr uns eine Geldspende zukommen lassen. Entweder w\u00e4hlt ihr einen der vorgegebenen Betr\u00e4ge, oder ihr tippt einen Beitrag eurer Wahl ein. Vielen Dank!&hellip;<\/p>\n","protected":false},"author":7,"featured_media":0,"parent":0,"menu_order":0,"comment_status":"closed","ping_status":"closed","template":"","meta":{"cybocfi_hide_featured_image":"","footnotes":""},"class_list":["post-11672","page","type-page","status-publish","hentry"],"_links":{"self":[{"href":"https:\/\/tierheim-nied.de\/index.php\/wp-json\/wp\/v2\/pages\/11672","targetHints":{"allow":["GET"]}}],"collection":[{"href":"https:\/\/tierheim-nied.de\/index.php\/wp-json\/wp\/v2\/pages"}],"about":[{"href":"https:\/\/tierheim-nied.de\/index.php\/wp-json\/wp\/v2\/types\/page"}],"author":[{"embeddable":true,"href":"https:\/\/tierheim-nied.de\/index.php\/wp-json\/wp\/v2\/users\/7"}],"replies":[{"embeddable":true,"href":"https:\/\/tierheim-nied.de\/index.php\/wp-json\/wp\/v2\/comments?post=11672"}],"version-history":[{"count":4,"href":"https:\/\/tierheim-nied.de\/index.php\/wp-json\/wp\/v2\/pages\/11672\/revisions"}],"predecessor-version":[{"id":11677,"href":"https:\/\/tierheim-nied.de\/index.php\/wp-json\/wp\/v2\/pages\/11672\/revisions\/11677"}],"wp:attachment":[{"href":"https:\/\/tierheim-nied.de\/index.php\/wp-json\/wp\/v2\/media?parent=11672"}],"curies":[{"name":"wp","href":"https:\/\/api.w.org\/{rel}","templated":true}]}}